s of 177012301.
23, 61, 71, 1777
List the prime factors of 5048296687.
7, 37, 761, 3659
What are the prime factors of 4847266040?
2, 5, 47, 499, 5167
What are the prime factors of 1748565590?
2, 5, 174856559
What are the prime factors of 251687021?
47, 797, 6719
List the prime factors of 333865483.
7, 59, 808391
What are the prime factors of 562293576?
2, 3, 13, 66749
List the prime factors of 135035328.
2, 3, 703309
List the prime factors of 2306148147.
3, 1117, 229399
List the prime factors of 14412905.
5, 13, 221737
List the prime factors of 614043318.
2, 3, 7, 14620079
What are the prime factors of 642298141?
401, 1601741
What are the prime factors of 2687201267?
337, 2207, 3613
List the prime factors of 3515615084.
2, 457, 1923203
List the prime factors of 1814440608.
2, 3, 61, 173, 199
What are the prime factors of 2739311641?
11, 73, 127, 26861
List the prime factors of 170179222.
2, 85089611
List the prime factors of 27252763.
27252763
What are the prime factors of 2221821?
3, 7, 35267
What are the prime factors of 60609428?
2, 11, 1377487
What are the prime factors of 569836416?
2, 3, 947, 1567
List the prime factors of 21088319.
7, 467, 6451
What are the prime factors of 521160193?
137, 3804089
What are the prime factors of 171314857?
7, 131, 227, 823
List the prime factors of 39417306.
2, 3, 31, 67, 3163
What are the prime factors of 4255021927?
13, 163, 2008033
List the prime factors of 228939940.
2, 5, 373, 30689
List the prime factors of 23828487.
3, 7942829
What are the prime factors of 860410329?
3, 2393, 119851
List the prime factors of 147644758.
2, 73822379
What are the prime factors of 6510321835?
5, 1302064367
List the prime factors of 149377672.
2, 97, 192497
What are the prime factors of 138207150?
2, 3, 5, 419, 733
What are the prime factors of 329695155?
3, 5, 7326559
What are the prime factors of 2658908380?
2, 5, 132945419
List the prime factors of 520267242.
2, 3, 11, 7882837
What are the prime factors of 50844118?
2, 13, 1955543
What are the prime factors of 1016788505?
5, 3559, 57139
What are the prime factors of 24299965?
5, 4859993
What are the prime factors of 9283748?
2, 107, 109, 199
What are the prime factors of 965897906?
2, 43, 11231371
List the prime factors of 663753470.
2, 5, 66375347
List the prime factors of 727513716.
2, 3, 487, 124489
What are the prime factors of 33451924?
2, 11, 677, 1123
What are the prime factors of 1986333239?
11, 89, 2028941
List the prime factors of 165828100.
2, 5, 1013, 1637
List the prime factors of 60376213.
60376213
List the prime factors of 13148296.
2, 7, 234791
List the prime factors of 353271240.
2, 3, 5, 7, 83, 563
What are the prime factors of 3449729?
83, 89, 467
List the prime factors of 2146959620.
2, 5, 13, 8257537
List the prime factors of 5441295755.
5, 7, 2551, 60943
What are the prime factors of 185130670?
2, 5, 83, 223049
What are the prime factors of 246857470?
2, 5, 24685747
List the prime factors of 3864552368.
2, 23, 456587
List the prime factors of 244453508.
2, 13, 4701029
What are the prime factors of 58417680?
2, 3, 5, 401, 607
What are the prime factors of 297943994?
2, 199, 748603
What are the prime factors of 1498649782?
2, 7, 107046413
List the prime factors of 59553966.
2, 3, 337, 29453
List the prime factors of 213915072.
2, 3, 7, 19, 8377
List the prime factors of 51535746.
2, 3, 37, 223, 347
What are the prime factors of 169670061?
3, 11, 1151, 1489
List the prime factors of 66135067.
19, 197, 17669
What are the prime factors of 33711820?
2, 5, 1685591
What are the prime factors of 42467053?
2837, 14969
What are the prime factors of 163910451?
3, 54636817
What are the prime factors of 643572433?
7, 137, 671087
What are the prime factors of 137287467?
3, 188323
List the prime factors of 113492344.
2, 7, 479, 4231
List the prime factors of 85035436.
2, 21258859
List the prime factors of 257865153.
3, 7, 13, 944561
List the prime factors of 2969517685.
5, 3967, 149711
List the prime factors of 11908017.
3, 11, 120283
What are the prime factors of 149357229?
3, 7, 7112249
What are the prime factors of 2045840708?
2, 23, 22237399
What are the prime factors of 33061198?
2, 317, 52147
List the prime factors of 145353756.
2, 3, 71, 170603
What are the prime factors of 137916715?
5, 27583343
List the prime factors of 44136033.
3, 31, 474581
List the prime factors of 2427932356.
2, 2887, 210247
What are the prime factors of 785139839?
11, 1109, 5851
List the prime factors of 7767966586.
2, 3883983293
List the prime factors of 3245305.
5, 7, 92723
List the prime factors of 371060386.
2, 19, 9764747
What are the prime factors of 1417531715?
5, 283506343
List the prime factors of 33544990.
2, 5, 89, 37691
What are the prime factors of 537573489?
3, 487, 367949
What are the prime factors of 6504183895?
5, 11, 59, 839, 2389
What are the prime factors of 86144146?
2, 11, 1297, 3019
List the prime factors of 101519566.
2, 401, 126583
What are the prime factors of 154864087?
7, 1109, 19949
What are the prime factors of 84908378?
2, 19, 2234431
List the prime factors of 1337428556.
2, 17, 2393, 8219
What are the prime factors of 157668032?
2, 499, 4937
What are the prime factors of 44405036?
2, 13, 47, 18169
List the prime factors of 469411661.
29, 109, 148501
List the prime factors of 1416976259.
61, 23229119
List the prime factors of 4205360470.
2, 5, 29, 1097, 13219
List the prime factors of 954727691.
2789, 342319
What are the prime factors of 193797610?
2, 5, 61, 317701
What are the prime factors of 3496160?
2, 5, 21851
List the prime factors of 735454984.
2, 11, 383, 21821
List the prime factors of 404377828.
2, 101094457
What are the prime factors of 134861663?
17, 7933039
What are the prime factors of 2285250368?
2, 35707037
What are the prime factors of 3807385007?
73, 52155959
List the prime factors of 323705300.
2, 5, 3237053
List the prime factors of 3403047260.
2, 5, 61, 107, 131, 199
List the prime factors of 249616770.
2, 3, 5, 13, 640043
List the prime factors of 290825061.
3, 293, 330859
What are the prime factors of 41774757?
3, 13924919
List the prime factors of 3953595153.
3, 317, 4157303
What are the prime factors of 882272608?
2, 7, 3938717
What are the prime factors of 99032020?
2, 5, 23, 461, 467
What are the prime factors of 54763548?
2, 3, 7, 19, 34313
What are the prime factors of 521386935?
3, 5, 34759129
What are the prime factors of 179272861?
179272861
What are the prime factors of 44193001?
887, 49823
List the prime factors of 567512084.
2, 197, 720193
What are the prime factors of 101504751?
3, 3407, 9931
List the prime factors of 1692345577.
13, 130180429
What are the prime factors of 141558237?
3, 15728693
What are the prime factors of 129596587?
19, 6820873
What are the prime factors of 22838477?
22838477
List the prime factors of 44418512.
2, 2776157
List the prime factors of 213866645.
5, 463, 92383
List the prime factors of 18388321.
7, 2626903
List the prime factors of 57915848.
2, 79, 91639
What are the prime factors of 31742842?
2, 17, 933613
What are the prime factors of 325382577?
3, 13, 8343143
List the prime factors of 162033786.
2, 3, 19, 71, 6673
What are the prime factors of 133414023?
3, 281, 158261
What are the prime factors of 35526589?
7, 31, 53, 3089
List the prime factors of 847223361.
3, 569, 55147
List the prime factors of 165009417.
3, 55003139
List the prime factors of 1516909688.
2, 7, 19, 1425667
What are the prime factors of 109049083?
11, 13, 277, 2753
What are the prime factors of 74106857?
11, 6736987
What are the prime factors of 53449958?
2, 29, 953, 967
List the prime factors of 75037794.
2, 3, 13, 31, 31033
What are the prime factors of 195069325?
5, 11, 23, 30841
List the prime factors of 405923647.
2999, 135353
List the prime factors of 2140296421.
1171, 1827751
List the prime factors of 31561367.
17, 29, 64019
What are the prime factors of 859668530?
2, 5, 7, 12280979
List the prime factors of 600842387.
29, 20718703
List the prime factors of 2140814479.
193, 11092303
List the prime factors of 113855923.
19, 2377, 2521
What are the prime factors of 259632019?
71, 73, 50093
List the prime factors of 2575168552.
2, 11, 29263279
What are the prime factors of 4485621311?
4485621311
What 